ppose -3*g - 1 = 8, -2*p - 3*g + 3 = 0. Let h(s) = s**3 + 6*s**2 + 4*s - 3. Let m be h(-6). Let q = m - -51. Calculate the highest common factor of p and q.
6
Let z = -33 - -96. What is the greatest common divisor of z and 7?
7
Suppose -2*t = t. Suppose 2*d = -4*p + 36, t*p = p - 5. Calculate the highest common divisor of d and 2.
2
Suppose 5*h - z = 18, -h = h + 2*z. Suppose 2*g + 22 = 5*q + 5*g, 4*g = 3*q + 10. Suppose -2 = -4*d + q*d. What is the highest common factor of h and d?
1
Let b be ((-1)/2)/(2/(-44)). Suppose 9 = 3*q - 6. Let j(k) = k**2 - 2*k - 4. Let d be j(q). Calculate the greatest common divisor of d and b.
11
Let n be 0 + 1 - (-10 + 1). Let y be (-3 + -2)*4 + 1. Let k = -4 - y. Calculate the highest common divisor of k and n.
5
Let f be (6/4)/((-3)/(-32)). What is the greatest common divisor of 144 and f?
16
Let z(d) = 2*d - 17. Let w be z(15). What is the highest common divisor of 117 and w?
13
Suppose -4*j + 18 = 2*z, -5*j + 5*z = -5 + 20. Suppose -v = -1, -5*f + 4*v + 103 = 27. What is the highest common divisor of f and j?
2
Suppose 15 = 52*v - 51*v. Calculate the highest common factor of 15 and v.
15
Suppose 4*d = -8*d + 432. Let i(a) = -5*a**3 - 2*a**2 - a. Let p be i(-1). What is the greatest common divisor of p and d?
4
Suppose 4*z - 2*z = -i + 44, 4*z - 108 = 3*i. Suppose -3*u + 492 + 84 = 0. What is the highest common divisor of z and u?
24
Let w be ((-211)/422)/((2/(-52))/1). Let i(c) = -36*c**2. Let q be i(1). Let h = q - -101. What is the greatest common divisor of w and h?
13
Let o(u) = -u**2 - 16*u - 12. Let r be o(-12). Let g(f) = -3*f - 9. Let k be g(-6). What is the greatest common divisor of r and k?
9
Let f(d) = 3*d + 3. Let n be f(4). Suppose i - 4*i + 9 = 0. Suppose -i*q - 84 = -3*s, -3*s - 4*q + 107 = 9. Calculate the highest common factor of s and n.
15
Let h = -43 - -72. What is the greatest common divisor of h and 232?
29
Let u = -59 - -89. Suppose 5*k + 75 = 4*v, -v - 2*v = 5*k - 65. What is the highest common factor of v and u?
10
Let d be (0 - (-1)/(-2))*-4. Suppose -23 = -2*h + 3*o, h - 2*h - 5*o = -31. What is the highest common divisor of d and h?
2
Suppose 2*f - k - 37 = 334, 0 = 3*f + 2*k - 546. Suppose s - 3*i = 42, 4*i = s + 3*s - f. Calculate the highest common divisor of s and 6.
6
Suppose 3 + 4 = 4*u + h, -9 = -2*u + 5*h. Suppose n = u + 8. Calculate the greatest common divisor of 70 and n.
10
Let y = -8 - -16. Let b(r) = 3 - 3*r**3 + r - 4 + 7*r**3. Let c be b(1). Calculate the highest common divisor of y and c.
4
Let p = 5 - 2. Suppose 4*m = 12, p = 3*r - 5*m + m. Let k be (-4 - 2)*r*-1. What is the highest common divisor of 75 and k?
15
Let s be -1*(-5 + 2) - 0. Suppose -3 = s*u - 0, -4*a - 5*u = -3. Calculate the greatest common factor of a and 10.
2
Suppose 0 = 2*f - f + 3*c - 20, -2*c - 49 = -5*f. What is the highest common divisor of f and 55?
11
Let h(d) = d**3 + 5*d**2 + 18. Let w be h(-5). Calculate the greatest common factor of 144 and w.
18
Let y = 26 + 59. Let c = -30 + 47. What is the highest common divisor of y and c?
17
Let k be 41/2 - 1/2. Suppose 2*u = j + 55, -99 - 26 = -5*u + 5*j. Calculate the highest common factor of u and k.
10
Suppose 3*l - 3 = 0, -2*f - l = -0*f - 73. Let j(c) = 2*c - 6. Let n be j(5). What is the greatest common factor of f and n?
4
Suppose -4*d = -82 - 138. Let m be -3*(-12)/9 + 1. What is the greatest common factor of m and d?
5
Suppose y - 2*d = -0*y + 32, 5*y + 3*d = 108. Let v = -4 + 12. What is the greatest common divisor of v and y?
8
Let x = -11 - -13. Suppose -17 + 1 = -x*v. Calculate the highest common factor of 8 and v.
8
Suppose 2*h - 7 + 1 = 0. Suppose -3 = 2*w + 5*r + h, -r = w. Suppose 14 = 4*k - w*y, -5*y = -3*k - 2*y + 12. Calculate the highest common factor of 1 and k.
1
Suppose -2*d = 18 + 18. Let b = d + 30. What is the greatest common divisor of b and 48?
12
Suppose 2*x - x - 74 = -4*l, -2*l = 4*x - 352. Let y = 30 + -12. Calculate the highest common divisor of x and y.
18
Suppose a - 3*y = -8, 3*a + 3*y + 7 = 31. Suppose -62 + 6 = -a*g. What is the highest common factor of g and 35?
7
Let c be 2/((-16)/(-6) - 2). Suppose -c*q - 40 + 105 = 2*f, 4*q - 5*f - 56 = 0. Let s = -198 + 255. What is the greatest common divisor of s and q?
19
Let u be 1*15*5*(-6)/(-30). What is the greatest common divisor of u and 135?
15
Let n = 21 + 19. Let j = 8 + -3. Suppose 3*p - j*t = 49, 19 = 3*p + 3*t - 2*t. Calculate the greatest common divisor of p and n.
8
Let d be 12/(0 + 12/64). Calculate the greatest common divisor of 8 and d.
8
Let x = 20 + -15. Let g = 1 - -24. What is the greatest common divisor of g and x?
5
Let y be (-35 + (-2)/2)/(-1). Suppose -3*a + 0*a + y = 0. Let s be 3/a + (-86)/(-8). What is the greatest common factor of 121 and s?
11
Let y(g) = -17*g - 5. Let c be y(-4). Suppose 2 = m + 3. Let v = 10 + m. Calculate the highest common divisor of v and c.
9
Let z be 0/(-1 + -1) - -108. What is the highest common factor of z and 27?
27
Let a be ((-12)/(-5))/((-18)/16260). Let s be (-1)/3 - a/24. What is the highest common divisor of 10 and s?
10
Let z(f) = -f**3 - f - 1. Let x be z(-1). Let h be 4/(x*(-4)/(-6)). Suppose -56 = -h*a + 2*a. What is the highest common divisor of a and 70?
14
Let x be 2/4 + (-123)/(-6). Let d(f) = -13*f + 1. Suppose -5 + 4 = o. Let c be d(o). What is the greatest common divisor of x and c?
7
Suppose -30 = -g - 5*n, -3*g + 2*n + 109 = -2*n. What is the highest common divisor of g and 245?
35
Let c(m) = m**3 - 8*m**2 + 10*m - 4. Let w be (14/(-3))/(2/(-3)). Let u be c(w). Calculate the highest common factor of 153 and u.
17
Let m = -20 - -20. Suppose -1 = -p + 3*d, 2*p + p - 4*d - 13 = m. Calculate the greatest common factor of p and 21.
7
Let x(y) = 2*y. Let p be x(1). Suppose p*s = 5*s - 216. What is the highest common divisor of 8 and s?
8
Let x(c) = c**2 + 2*c + 25. Let z be x(0). What is the highest common factor of z and 10?
5
Let j = 63 + -114. Let y = -91 - j. Let s = -28 - y. Calculate the greatest common divisor of 8 and s.
4
Let d(b) = -b**3 + 2*b**2 + 3*b + 3. Let m be d(-2). Calculate the greatest common factor of m and 13.
13
Suppose 5*d = k + 155 + 82, 3*d + 3*k - 135 = 0. What is the greatest common factor of d and 329?
47
Suppose n - 165 = -4*n. Let q = -22 + n. Let y = -67 - -111. Calculate the greatest common factor of q and y.
11
Let u(t) = 39*t - 1. Let h be u(-1). Let f = -24 - h. Let k = 30 + -26. What is the highest common divisor of k and f?
4
Suppose 0 = g - 5*g + 16. Suppose 2*z - 15 = g*f - 57, -2*f + 26 = 4*z. What is the greatest common factor of 22 and f?
11
Let f be ((-2)/(-2) - -62) + 1. Let z(q) = -q + 1. Suppose 28 = -4*c + d, 2*c + 4*d - 8 = -22. Let p be z(c). Calculate the highest common factor of p and f.
8
Let f be (-274)/18 + 4/18. Let p be (-3)/6*f*6. What is the highest common divisor of p and 18?
9
Let s = 85 - 55. Calculate the greatest common factor of 30 and s.
30
Suppose 0 = 4*j - 65 + 1. Let u(o) = -o**2 + 3*o. Let c be u(3). Suppose 5*a + 2*w = a + 10, -w + 1 = c. Calculate the highest common factor of a and j.
2
Let q = -3 - -5. Let b be q - 4 - (1 + 0). Let y be b*1*(-11)/3. What is the greatest common factor of 33 and y?
11
Suppose 30 = 2*b + 2*j, 2*b + 0*j = 2*j + 22. Let f be ((-16)/5)/((-18)/585). What is the greatest common factor of f and b?
13
Let t = -20 + 50. Calculate the greatest common divisor of 60 and t.
30
Suppose 14 - 4 = 5*c. Suppose t - 110 = -4*t. Calculate the greatest common factor of t and c.
2
Let h = 24 + -49. Let q = h + 75. Calculate the highest common divisor of 20 and q.
10
Suppose -3*k + 33 = -3*w + 4*w, -5*w + 151 = k. Let x be 534/w - 2/(-10). Calculate the greatest common factor of x and 36.
18
Let y = -30 + 63. Calculate the greatest common factor of 22 and y.
11
Let t = -46 + 94. What is the highest common factor of 64 and t?
16
Let m(l) = l**3 - 7*l**2 - 7*l - 10. Let h be m(8). Let n(c) = 6*c - 34*c - 1 + 0. Let r be n(h). Calculate the highest common divisor of 5 and r.
5
Let h be (-11 - -9)*(-10)/4. Suppose -2*m = -4*m + 40. Calculate the highest common divisor of m and h.
5
Suppose 0 = -0*j - 3*j + 144. What is the greatest common divisor of j and 120?
24
Suppose 2*n = 4*o + 50, -5*n = -0*o - 2*o - 101. Le